{"id":1612,"date":"2024-01-07T14:10:49","date_gmt":"2024-01-07T14:10:49","guid":{"rendered":"https:\/\/kosecafe.com\/?post_type=product&#038;p=1612"},"modified":"2025-01-06T19:05:08","modified_gmt":"2025-01-06T19:05:08","slug":"serpme-kahvalti-kisi-kisilik","status":"publish","type":"product","link":"https:\/\/kosecafe.com\/index.php\/urun\/serpme-kahvalti-kisi-kisilik\/","title":{"rendered":"Serpme Kahvalt\u0131 &#8211; S\u0131n\u0131rs\u0131z \u00c7ay (Ki\u015fi Ba\u015f\u0131)"},"content":{"rendered":"<p>\u0130\u00c7\u0130NDEK\u0130LER<\/p>\n<ul>\n<li>Sahanda Yumurta<\/li>\n<li>Patates K\u0131zartmas\u0131<\/li>\n<li>Bal<\/li>\n<li>Re\u00e7el<\/li>\n<li>Kaymak<\/li>\n<li>Ter Ya\u011f<\/li>\n<li>Ka\u015far Peynir<\/li>\n<li>Beyaz Peynir<\/li>\n<li>Burgu Peynir<\/li>\n<li>Tel Peynir<\/li>\n<li>Salam<\/li>\n<li>Sosis<\/li>\n<li>Siyah Zeytin<\/li>\n<li>Ye\u015fil Zeytin<\/li>\n<li>S\u00fcrme \u00c7ikolata<\/li>\n<li>Domates<\/li>\n<li>Salatal\u0131k<\/li>\n<li>Ye\u015fil Biber<\/li>\n<li>Sigara B\u00f6re\u011fi<\/li>\n<li>2 Dilim B\u00f6rek<\/li>\n<li>S\u0131n\u0131rs\u0131z \u00c7ay<\/li>\n<\/ul>\n","protected":false},"excerpt":{"rendered":"<p>\u0130\u00c7\u0130NDEK\u0130LER<\/p>\n<ul>\n<li>Sahanda Yumurta<\/li>\n<li>Patates K\u0131zartmas\u0131<\/li>\n<li>Bal<\/li>\n<li>Re\u00e7el<\/li>\n<li>Kaymak<\/li>\n<li>Ter Ya\u011f<\/li>\n<li>Ka\u015far Peynir<\/li>\n<li>Beyaz Peynir<\/li>\n<li>Burgu Peynir<\/li>\n<li>Tel Peynir<\/li>\n<li>Salam<\/li>\n<li>Sosis<\/li>\n<li>Siyah Zeytin<\/li>\n<li>Ye\u015fil Zeytin<\/li>\n<li>S\u00fcrme \u00c7ikolata<\/li>\n<li>Domates<\/li>\n<li>Salatal\u0131k<\/li>\n<li>Ye\u015fil Biber<\/li>\n<li>Sigara B\u00f6re\u011fi<\/li>\n<li>2 Dilim B\u00f6rek<\/li>\n<li>S\u0131n\u0131rs\u0131z \u00c7ay<\/li>\n<\/ul>\n","protected":false},"featured_media":1779,"comment_status":"open","ping_status":"closed","template":"","meta":[],"product_brand":[],"product_cat":[76,101],"product_tag":[],"class_list":{"0":"post-1612","1":"product","2":"type-product","3":"status-publish","4":"has-post-thumbnail","6":"product_cat-kahvalti","7":"product_cat-serpme-kahvalti","9":"first","10":"instock","11":"shipping-taxable","12":"purchasable","13":"product-type-simple"},"_links":{"self":[{"href":"https:\/\/kosecafe.com\/index.php\/wp-json\/wp\/v2\/product\/1612","targetHints":{"allow":["GET"]}}],"collection":[{"href":"https:\/\/kosecafe.com\/index.php\/wp-json\/wp\/v2\/product"}],"about":[{"href":"https:\/\/kosecafe.com\/index.php\/wp-json\/wp\/v2\/types\/product"}],"replies":[{"embeddable":true,"href":"https:\/\/kosecafe.com\/index.php\/wp-json\/wp\/v2\/comments?post=1612"}],"wp:featuredmedia":[{"embeddable":true,"href":"https:\/\/kosecafe.com\/index.php\/wp-json\/wp\/v2\/media\/1779"}],"wp:attachment":[{"href":"https:\/\/kosecafe.com\/index.php\/wp-json\/wp\/v2\/media?parent=1612"}],"wp:term":[{"taxonomy":"product_brand","embeddable":true,"href":"https:\/\/kosecafe.com\/index.php\/wp-json\/wp\/v2\/product_brand?post=1612"},{"taxonomy":"product_cat","embeddable":true,"href":"https:\/\/kosecafe.com\/index.php\/wp-json\/wp\/v2\/product_cat?post=1612"},{"taxonomy":"product_tag","embeddable":true,"href":"https:\/\/kosecafe.com\/index.php\/wp-json\/wp\/v2\/product_tag?post=1612"}],"curies":[{"name":"wp","href":"https:\/\/api.w.org\/{rel}","templated":true}]}}